{"id":309,"date":"2019-03-12T10:19:47","date_gmt":"2019-03-12T12:19:47","guid":{"rendered":"http:\/\/192.168.10.101\/?post_type=product&#038;p=309"},"modified":"2023-06-09T14:32:28","modified_gmt":"2023-06-09T12:32:28","slug":"slapta-kamera-dumu-daviklyje-420tvl","status":"publish","type":"product","link":"https:\/\/vmsistemos.lt\/?product=slapta-kamera-dumu-daviklyje-420tvl","title":{"rendered":"Kamera d\u016bm\u0173 daviklyje. 420TVL"},"content":{"rendered":"<h4>Analogin\u0117 vaizdo kamera d\u016bm\u0173 daviklio korpuse.<\/h4>\n","protected":false},"excerpt":{"rendered":"<h4>Analogin\u0117 vaizdo kamera d\u016bm\u0173 daviklio korpuse.<\/h4>\n","protected":false},"featured_media":307,"template":"","meta":{"_acf_changed":false},"product_brand":[],"product_cat":[51],"product_tag":[89,96,95,90],"class_list":{"0":"post-309","1":"product","2":"type-product","3":"status-publish","4":"has-post-thumbnail","6":"product_cat-slaptos-kameros","7":"product_tag-kamera","8":"product_tag-nematoma-kamera","9":"product_tag-paslepta-kamera","10":"product_tag-slapta-kamera","12":"first","13":"instock","14":"taxable","15":"shipping-taxable","16":"purchasable","17":"product-type-simple"},"acf":[],"_links":{"self":[{"href":"https:\/\/vmsistemos.lt\/index.php?rest_route=\/wp\/v2\/product\/309","targetHints":{"allow":["GET"]}}],"collection":[{"href":"https:\/\/vmsistemos.lt\/index.php?rest_route=\/wp\/v2\/product"}],"about":[{"href":"https:\/\/vmsistemos.lt\/index.php?rest_route=\/wp\/v2\/types\/product"}],"version-history":[{"count":0,"href":"https:\/\/vmsistemos.lt\/index.php?rest_route=\/wp\/v2\/product\/309\/revisions"}],"wp:featuredmedia":[{"embeddable":true,"href":"https:\/\/vmsistemos.lt\/index.php?rest_route=\/wp\/v2\/media\/307"}],"wp:attachment":[{"href":"https:\/\/vmsistemos.lt\/index.php?rest_route=%2Fwp%2Fv2%2Fmedia&parent=309"}],"wp:term":[{"taxonomy":"product_brand","embeddable":true,"href":"https:\/\/vmsistemos.lt\/index.php?rest_route=%2Fwp%2Fv2%2Fproduct_brand&post=309"},{"taxonomy":"product_cat","embeddable":true,"href":"https:\/\/vmsistemos.lt\/index.php?rest_route=%2Fwp%2Fv2%2Fproduct_cat&post=309"},{"taxonomy":"product_tag","embeddable":true,"href":"https:\/\/vmsistemos.lt\/index.php?rest_route=%2Fwp%2Fv2%2Fproduct_tag&post=309"}],"curies":[{"name":"wp","href":"https:\/\/api.w.org\/{rel}","templated":true}]}}