{"id":450,"date":"2019-03-15T17:25:37","date_gmt":"2019-03-15T19:25:37","guid":{"rendered":"http:\/\/192.168.10.101\/?post_type=product&#038;p=450"},"modified":"2023-06-09T14:32:31","modified_gmt":"2023-06-09T12:32:31","slug":"bnc-konektorius-sakotuvas","status":"publish","type":"product","link":"https:\/\/vmsistemos.lt\/?product=bnc-konektorius-sakotuvas","title":{"rendered":"BNC konektorius &#8211; \u0161akotuvas"},"content":{"rendered":"<h4>BNC \u0161akotuvas skirtas prijungti vien\u0105 vaizdo signalo kabel\u012f prie dviej\u0173 \u012fra\u0161ymo \u012frengini\u0173 (DVR) ar kit\u0173 vaizdo gavimo \u012frengini\u0173.<\/h4>\n","protected":false},"excerpt":{"rendered":"<h4>BNC \u0161akotuvas skirtas prijungti vien\u0105 vaizdo signalo kabel\u012f prie dviej\u0173 \u012fra\u0161ymo \u012frengini\u0173 (DVR) ar kit\u0173 vaizdo gavimo \u012frengini\u0173.<\/h4>\n","protected":false},"featured_media":448,"template":"","meta":{"_acf_changed":false},"product_brand":[],"product_cat":[52],"product_tag":[128],"class_list":{"0":"post-450","1":"product","2":"type-product","3":"status-publish","4":"has-post-thumbnail","6":"product_cat-jungtys","7":"product_tag-bnc","9":"first","10":"onbackorder","11":"sold-individually","12":"taxable","13":"shipping-taxable","14":"purchasable","15":"product-type-simple"},"acf":[],"_links":{"self":[{"href":"https:\/\/vmsistemos.lt\/index.php?rest_route=\/wp\/v2\/product\/450","targetHints":{"allow":["GET"]}}],"collection":[{"href":"https:\/\/vmsistemos.lt\/index.php?rest_route=\/wp\/v2\/product"}],"about":[{"href":"https:\/\/vmsistemos.lt\/index.php?rest_route=\/wp\/v2\/types\/product"}],"version-history":[{"count":0,"href":"https:\/\/vmsistemos.lt\/index.php?rest_route=\/wp\/v2\/product\/450\/revisions"}],"wp:featuredmedia":[{"embeddable":true,"href":"https:\/\/vmsistemos.lt\/index.php?rest_route=\/wp\/v2\/media\/448"}],"wp:attachment":[{"href":"https:\/\/vmsistemos.lt\/index.php?rest_route=%2Fwp%2Fv2%2Fmedia&parent=450"}],"wp:term":[{"taxonomy":"product_brand","embeddable":true,"href":"https:\/\/vmsistemos.lt\/index.php?rest_route=%2Fwp%2Fv2%2Fproduct_brand&post=450"},{"taxonomy":"product_cat","embeddable":true,"href":"https:\/\/vmsistemos.lt\/index.php?rest_route=%2Fwp%2Fv2%2Fproduct_cat&post=450"},{"taxonomy":"product_tag","embeddable":true,"href":"https:\/\/vmsistemos.lt\/index.php?rest_route=%2Fwp%2Fv2%2Fproduct_tag&post=450"}],"curies":[{"name":"wp","href":"https:\/\/api.w.org\/{rel}","templated":true}]}}