{"id":5427,"date":"2020-06-25T14:07:48","date_gmt":"2020-06-25T11:07:48","guid":{"rendered":"http:\/\/192.168.10.101\/?post_type=product&#038;p=5427"},"modified":"2025-07-21T09:17:07","modified_gmt":"2025-07-21T07:17:07","slug":"poe-stiprintuvas","status":"publish","type":"product","link":"https:\/\/vmsistemos.lt\/?product=poe-stiprintuvas","title":{"rendered":"PoE tinklo stiprintuvas"},"content":{"rendered":"<h4>PoE tinklo stiprintuvas naudojamas ilgesniuose nei 100m atstumuose. Pajungiant stiprintuv\u0105 kas 100m tiek PoE, tiek Ethernet tinklas gali b\u016bti pailgintas iki 200m, 300m ar dar didesnio atstumo (priklausomai nuo kameros modelio ir maitinimo \u0161altinio). Nereikalingas joks papildomas maitinimo \u0161altinis. Palaiko iki 30W AF\/AT PoE galingum\u0105. Pilnai atitinka IEEE802.3af \/at(PoE) standart\u0105. Pagaminta Kinijoje.<\/h4>\n","protected":false},"excerpt":{"rendered":"<h4>PoE tinklo stiprintuvas<\/h4>\n","protected":false},"featured_media":6388,"template":"","meta":{"_acf_changed":false},"product_brand":[],"product_cat":[54],"product_tag":[102,103,144,129],"class_list":{"0":"post-5427","1":"product","2":"type-product","3":"status-publish","4":"has-post-thumbnail","6":"product_cat-keitikliai-stiprintuvai","7":"product_tag-ip","8":"product_tag-ip-kamera","9":"product_tag-poe","10":"product_tag-stiprintuvas","12":"first","13":"instock","14":"taxable","15":"shipping-taxable","16":"purchasable","17":"product-type-simple"},"acf":[],"_links":{"self":[{"href":"https:\/\/vmsistemos.lt\/index.php?rest_route=\/wp\/v2\/product\/5427","targetHints":{"allow":["GET"]}}],"collection":[{"href":"https:\/\/vmsistemos.lt\/index.php?rest_route=\/wp\/v2\/product"}],"about":[{"href":"https:\/\/vmsistemos.lt\/index.php?rest_route=\/wp\/v2\/types\/product"}],"version-history":[{"count":3,"href":"https:\/\/vmsistemos.lt\/index.php?rest_route=\/wp\/v2\/product\/5427\/revisions"}],"predecessor-version":[{"id":6390,"href":"https:\/\/vmsistemos.lt\/index.php?rest_route=\/wp\/v2\/product\/5427\/revisions\/6390"}],"wp:featuredmedia":[{"embeddable":true,"href":"https:\/\/vmsistemos.lt\/index.php?rest_route=\/wp\/v2\/media\/6388"}],"wp:attachment":[{"href":"https:\/\/vmsistemos.lt\/index.php?rest_route=%2Fwp%2Fv2%2Fmedia&parent=5427"}],"wp:term":[{"taxonomy":"product_brand","embeddable":true,"href":"https:\/\/vmsistemos.lt\/index.php?rest_route=%2Fwp%2Fv2%2Fproduct_brand&post=5427"},{"taxonomy":"product_cat","embeddable":true,"href":"https:\/\/vmsistemos.lt\/index.php?rest_route=%2Fwp%2Fv2%2Fproduct_cat&post=5427"},{"taxonomy":"product_tag","embeddable":true,"href":"https:\/\/vmsistemos.lt\/index.php?rest_route=%2Fwp%2Fv2%2Fproduct_tag&post=5427"}],"curies":[{"name":"wp","href":"https:\/\/api.w.org\/{rel}","templated":true}]}}