{"id":5452,"date":"2020-07-16T11:56:19","date_gmt":"2020-07-16T08:56:19","guid":{"rendered":"http:\/\/192.168.10.101\/?post_type=product&#038;p=5452"},"modified":"2023-06-09T14:32:34","modified_gmt":"2023-06-09T12:32:34","slug":"skaitmeninis-32-kanalu-irasymo-irenginys-nvr","status":"publish","type":"product","link":"https:\/\/vmsistemos.lt\/?product=skaitmeninis-32-kanalu-irasymo-irenginys-nvr","title":{"rendered":"Skaitmeninis 32 kanal\u0173 \u012fra\u0161ymo \u012frenginys NVR"},"content":{"rendered":"<p><strong>\u0160is \u012frenginys palaiko iki 32 kamer\u0173, \u012fra\u0161an\u010di\u0173 auk\u0161tos rai\u0161kos (HD) vaizdo \u012fra\u0161us \u012f kiet\u0105j\u012f disk\u0105, teikia tiesiogin\u0119 transliacij\u0105 internetin\u0117je nar\u0161ykl\u0117je. Visa pagrindin\u0117 veikla atliekama prijungus prie \u012frenginio <strong>monitori\u0173 ir pelyt\u0119<\/strong>. Spalvotas valdymo meniu. Yra galimyb\u0117 per\u017ei\u016br\u0117ti vaizdo \u012fra\u0161us, juos perkelti \u012f atskirus aplankus ar USB laikmenas bei valdyti mobiliuoju telefonu.<\/strong><\/p>\n<p><strong>Komplekte yra:<\/strong><\/p>\n<p style=\"padding-left: 30px;\"><strong>NVR<br \/>\n<\/strong><strong><strong>Maitinimo adapteris AC110-240V &#8211; DC12V\/4A<br \/>\n<\/strong><\/strong><strong>USB 2.0 lazerin\u0117 pelyt\u0117<\/strong><\/p>\n<p><a class=\"btn btn-default\" href=\"http:\/\/192.168.10.101\/siuntiniai\/wl\/?id=4qs2BX9NATM42E7JVWHvee8P3dqNYJ1c\" target=\"_blank\" rel=\"noopener noreferrer\">Paie\u0161kos \u012frankis<\/a><\/p>\n<p><a class=\"btn btn-default\" href=\"http:\/\/192.168.10.101\/siuntiniai\/wl\/?id=Vi6SnP3xmmALyG2NbgkUvRK8GkpTzjRr\" target=\"_blank\" rel=\"noopener noreferrer\">Windows CMS<\/a><\/p>\n<p><a class=\"btn btn-default\" href=\"http:\/\/192.168.10.101\/siuntiniai\/wl\/?id=RmXKWUTCWP7xl41232UVETkhX8PkdIFq\" target=\"_blank\" rel=\"noopener noreferrer\">IOS CMS<\/a><\/p>\n","protected":false},"excerpt":{"rendered":"<p><strong>Skaitmenini\u0173 (IP) vaizdo kamer\u0173 \u012fra\u0161ymo \u012frenginys &#8220;Network Video Recorder&#8221; (NVR). Pagamintas Kinijoje.<\/strong><\/p>\n","protected":false},"featured_media":716,"template":"","meta":{"_acf_changed":false},"product_brand":[],"product_cat":[37],"product_tag":[],"class_list":{"0":"post-5452","1":"product","2":"type-product","3":"status-publish","4":"has-post-thumbnail","6":"product_cat-nvr-irenginiai","8":"first","9":"onbackorder","10":"taxable","11":"shipping-taxable","12":"purchasable","13":"product-type-simple"},"acf":[],"_links":{"self":[{"href":"https:\/\/vmsistemos.lt\/index.php?rest_route=\/wp\/v2\/product\/5452","targetHints":{"allow":["GET"]}}],"collection":[{"href":"https:\/\/vmsistemos.lt\/index.php?rest_route=\/wp\/v2\/product"}],"about":[{"href":"https:\/\/vmsistemos.lt\/index.php?rest_route=\/wp\/v2\/types\/product"}],"version-history":[{"count":0,"href":"https:\/\/vmsistemos.lt\/index.php?rest_route=\/wp\/v2\/product\/5452\/revisions"}],"wp:featuredmedia":[{"embeddable":true,"href":"https:\/\/vmsistemos.lt\/index.php?rest_route=\/wp\/v2\/media\/716"}],"wp:attachment":[{"href":"https:\/\/vmsistemos.lt\/index.php?rest_route=%2Fwp%2Fv2%2Fmedia&parent=5452"}],"wp:term":[{"taxonomy":"product_brand","embeddable":true,"href":"https:\/\/vmsistemos.lt\/index.php?rest_route=%2Fwp%2Fv2%2Fproduct_brand&post=5452"},{"taxonomy":"product_cat","embeddable":true,"href":"https:\/\/vmsistemos.lt\/index.php?rest_route=%2Fwp%2Fv2%2Fproduct_cat&post=5452"},{"taxonomy":"product_tag","embeddable":true,"href":"https:\/\/vmsistemos.lt\/index.php?rest_route=%2Fwp%2Fv2%2Fproduct_tag&post=5452"}],"curies":[{"name":"wp","href":"https:\/\/api.w.org\/{rel}","templated":true}]}}