{"id":5477,"date":"2020-09-16T13:10:43","date_gmt":"2020-09-16T11:10:43","guid":{"rendered":"http:\/\/192.168.10.101\/?post_type=product&#038;p=5477"},"modified":"2024-04-23T12:15:10","modified_gmt":"2024-04-23T10:15:10","slug":"2mpix-kupoline-vidine-ip-kamera-su-mikrofonu-2ir-4mm","status":"publish","type":"product","link":"https:\/\/vmsistemos.lt\/?product=2mpix-kupoline-vidine-ip-kamera-su-mikrofonu-2ir-4mm","title":{"rendered":"2Mpix kupolin\u0117 vidin\u0117 IP kamera su mikrofonu 2IR 4mm"},"content":{"rendered":"<p>2Mpix kupolin\u0117 vidin\u0117 IP kamera su mikrofonu 2IR 4mm. Plastikinis korpusas. 12V\/PoE maitinimas.<\/p>\n<p><a class=\"btn btn-default\" href=\"https:\/\/vmsistemos.lt:8080\/share\/k60SW9N3\" target=\"_blank\" rel=\"noopener noreferrer\">Paie\u0161kos \u012frankis<\/a><\/p>\n<p><a class=\"btn btn-default\" href=\"https:\/\/vmsistemos.lt:8080\/share\/qN7_5wYu\" target=\"_blank\" rel=\"noopener noreferrer\">Windows CMS<\/a><\/p>\n<p><a class=\"btn btn-default\" href=\"https:\/\/vmsistemos.lt:8080\/share\/7JUv6Xaa\" target=\"_blank\" rel=\"noopener noreferrer\">IOS CMS<\/a><\/p>\n","protected":false},"excerpt":{"rendered":"<p>2Mpix kupolin\u0117 vidin\u0117 IP kamera su mikrofonu 2IR 4mm<\/p>\n","protected":false},"featured_media":5478,"template":"","meta":{"_acf_changed":false},"product_brand":[],"product_cat":[44],"product_tag":[245,244,265,102,99,89,97,152,144,175],"class_list":{"0":"post-5477","1":"product","2":"type-product","3":"status-publish","4":"has-post-thumbnail","6":"product_cat-skaitmenines-ip-kameros","7":"product_tag-2ir","8":"product_tag-2mp","9":"product_tag-4mm","10":"product_tag-ip","11":"product_tag-ir","12":"product_tag-kamera","13":"product_tag-kupoline","14":"product_tag-mikrofonas","15":"product_tag-poe","16":"product_tag-vidine","18":"first","19":"outofstock","20":"taxable","21":"shipping-taxable","22":"purchasable","23":"product-type-simple"},"acf":[],"_links":{"self":[{"href":"https:\/\/vmsistemos.lt\/index.php?rest_route=\/wp\/v2\/product\/5477","targetHints":{"allow":["GET"]}}],"collection":[{"href":"https:\/\/vmsistemos.lt\/index.php?rest_route=\/wp\/v2\/product"}],"about":[{"href":"https:\/\/vmsistemos.lt\/index.php?rest_route=\/wp\/v2\/types\/product"}],"version-history":[{"count":1,"href":"https:\/\/vmsistemos.lt\/index.php?rest_route=\/wp\/v2\/product\/5477\/revisions"}],"predecessor-version":[{"id":6406,"href":"https:\/\/vmsistemos.lt\/index.php?rest_route=\/wp\/v2\/product\/5477\/revisions\/6406"}],"wp:featuredmedia":[{"embeddable":true,"href":"https:\/\/vmsistemos.lt\/index.php?rest_route=\/wp\/v2\/media\/5478"}],"wp:attachment":[{"href":"https:\/\/vmsistemos.lt\/index.php?rest_route=%2Fwp%2Fv2%2Fmedia&parent=5477"}],"wp:term":[{"taxonomy":"product_brand","embeddable":true,"href":"https:\/\/vmsistemos.lt\/index.php?rest_route=%2Fwp%2Fv2%2Fproduct_brand&post=5477"},{"taxonomy":"product_cat","embeddable":true,"href":"https:\/\/vmsistemos.lt\/index.php?rest_route=%2Fwp%2Fv2%2Fproduct_cat&post=5477"},{"taxonomy":"product_tag","embeddable":true,"href":"https:\/\/vmsistemos.lt\/index.php?rest_route=%2Fwp%2Fv2%2Fproduct_tag&post=5477"}],"curies":[{"name":"wp","href":"https:\/\/api.w.org\/{rel}","templated":true}]}}