{"id":575,"date":"2019-03-12T09:38:35","date_gmt":"2019-03-12T07:38:35","guid":{"rendered":"http:\/\/192.168.10.101\/?post_type=product&#038;p=575"},"modified":"2025-01-08T14:02:53","modified_gmt":"2025-01-08T12:02:53","slug":"lubinis-vaizdo-kameru-laikiklis-iki-1m-ilgio","status":"publish","type":"product","link":"https:\/\/vmsistemos.lt\/?product=lubinis-vaizdo-kameru-laikiklis-iki-1m-ilgio","title":{"rendered":"Lubinis vaizdo kamer\u0173 laikiklis (iki 1m ilgio)"},"content":{"rendered":"<h4>Reguliuojamo ilgio (daugiausiai 1 metro) lubinis vaizdo kamer\u0173 laikiklis. Pagamintas i\u0161 aliuminio lydinio. Komplekte yra tvirtinimo var\u017etai.<\/h4>\n","protected":false},"excerpt":{"rendered":"<h4>Reguliuojamo ilgio (daugiausiai 1 metro) lubinis vaizdo kamer\u0173 laikiklis.<\/h4>\n","protected":false},"featured_media":571,"template":"","meta":{"_acf_changed":false},"product_brand":[],"product_cat":[45],"product_tag":[93,117,116,157],"class_list":{"0":"post-575","1":"product","2":"type-product","3":"status-publish","4":"has-post-thumbnail","6":"product_cat-laikikliai-stovai","7":"product_tag-box","8":"product_tag-koja","9":"product_tag-laikiklis","10":"product_tag-stovas","12":"first","13":"instock","14":"taxable","15":"shipping-taxable","16":"purchasable","17":"product-type-simple"},"acf":[],"_links":{"self":[{"href":"https:\/\/vmsistemos.lt\/index.php?rest_route=\/wp\/v2\/product\/575","targetHints":{"allow":["GET"]}}],"collection":[{"href":"https:\/\/vmsistemos.lt\/index.php?rest_route=\/wp\/v2\/product"}],"about":[{"href":"https:\/\/vmsistemos.lt\/index.php?rest_route=\/wp\/v2\/types\/product"}],"version-history":[{"count":0,"href":"https:\/\/vmsistemos.lt\/index.php?rest_route=\/wp\/v2\/product\/575\/revisions"}],"wp:featuredmedia":[{"embeddable":true,"href":"https:\/\/vmsistemos.lt\/index.php?rest_route=\/wp\/v2\/media\/571"}],"wp:attachment":[{"href":"https:\/\/vmsistemos.lt\/index.php?rest_route=%2Fwp%2Fv2%2Fmedia&parent=575"}],"wp:term":[{"taxonomy":"product_brand","embeddable":true,"href":"https:\/\/vmsistemos.lt\/index.php?rest_route=%2Fwp%2Fv2%2Fproduct_brand&post=575"},{"taxonomy":"product_cat","embeddable":true,"href":"https:\/\/vmsistemos.lt\/index.php?rest_route=%2Fwp%2Fv2%2Fproduct_cat&post=575"},{"taxonomy":"product_tag","embeddable":true,"href":"https:\/\/vmsistemos.lt\/index.php?rest_route=%2Fwp%2Fv2%2Fproduct_tag&post=575"}],"curies":[{"name":"wp","href":"https:\/\/api.w.org\/{rel}","templated":true}]}}