{"id":6460,"date":"2025-03-24T13:25:24","date_gmt":"2025-03-24T11:25:24","guid":{"rendered":"https:\/\/vmsistemos.lt\/?post_type=product&#038;p=6460"},"modified":"2025-03-24T13:37:17","modified_gmt":"2025-03-24T11:37:17","slug":"vm-ipc-el26-gk4","status":"publish","type":"product","link":"https:\/\/vmsistemos.lt\/?product=vm-ipc-el26-gk4","title":{"rendered":"VM-IPC-EL26-GK4"},"content":{"rendered":"<h4>Nuotoliniu b\u016bdu valdoma skaitmenin\u0117 4,0MP (IP), POE 4mm integruotu obejktyvu, vaizdo kamera. Turi integruot\u0105 IR ir LED pa\u0161vietim\u0105. \u0160i vaizdo kamera valdoma naudojant speciali\u0105 program\u0105 arba aplikacij\u0105 i\u0161maniajame telefone. LED ir IR pa\u0161vietimas efektyvus iki 20 metr\u0173.<\/h4>\n","protected":false},"excerpt":{"rendered":"<p>Skaitmenin\u0117 4,0MP IP kamera su IR ir LED<\/p>\n","protected":false},"featured_media":6463,"template":"","meta":{"_acf_changed":false},"product_brand":[],"product_cat":[21,44],"product_tag":[502,103,89,100,144,230],"class_list":{"0":"post-6460","1":"product","2":"type-product","3":"status-publish","4":"has-post-thumbnail","6":"product_cat-katalogas","7":"product_cat-skaitmenines-ip-kameros","8":"product_tag-4mp","9":"product_tag-ip-kamera","10":"product_tag-kamera","11":"product_tag-kamera-su-ir","12":"product_tag-poe","13":"product_tag-vaizdo-apsaugos","15":"first","16":"instock","17":"taxable","18":"shipping-taxable","19":"purchasable","20":"product-type-simple"},"acf":[],"_links":{"self":[{"href":"https:\/\/vmsistemos.lt\/index.php?rest_route=\/wp\/v2\/product\/6460","targetHints":{"allow":["GET"]}}],"collection":[{"href":"https:\/\/vmsistemos.lt\/index.php?rest_route=\/wp\/v2\/product"}],"about":[{"href":"https:\/\/vmsistemos.lt\/index.php?rest_route=\/wp\/v2\/types\/product"}],"version-history":[{"count":1,"href":"https:\/\/vmsistemos.lt\/index.php?rest_route=\/wp\/v2\/product\/6460\/revisions"}],"predecessor-version":[{"id":6461,"href":"https:\/\/vmsistemos.lt\/index.php?rest_route=\/wp\/v2\/product\/6460\/revisions\/6461"}],"wp:featuredmedia":[{"embeddable":true,"href":"https:\/\/vmsistemos.lt\/index.php?rest_route=\/wp\/v2\/media\/6463"}],"wp:attachment":[{"href":"https:\/\/vmsistemos.lt\/index.php?rest_route=%2Fwp%2Fv2%2Fmedia&parent=6460"}],"wp:term":[{"taxonomy":"product_brand","embeddable":true,"href":"https:\/\/vmsistemos.lt\/index.php?rest_route=%2Fwp%2Fv2%2Fproduct_brand&post=6460"},{"taxonomy":"product_cat","embeddable":true,"href":"https:\/\/vmsistemos.lt\/index.php?rest_route=%2Fwp%2Fv2%2Fproduct_cat&post=6460"},{"taxonomy":"product_tag","embeddable":true,"href":"https:\/\/vmsistemos.lt\/index.php?rest_route=%2Fwp%2Fv2%2Fproduct_tag&post=6460"}],"curies":[{"name":"wp","href":"https:\/\/api.w.org\/{rel}","templated":true}]}}