{"id":740,"date":"2019-03-12T10:08:52","date_gmt":"2019-03-12T12:08:52","guid":{"rendered":"http:\/\/192.168.10.101\/?post_type=product&#038;p=740"},"modified":"2023-06-09T14:32:27","modified_gmt":"2023-06-09T12:32:27","slug":"kameros-kojele-metaliniu-korpusu-2","status":"publish","type":"product","link":"https:\/\/vmsistemos.lt\/?product=kameros-kojele-metaliniu-korpusu-2","title":{"rendered":"Kameros kojel\u0117 metaliniu korpusu"},"content":{"rendered":"<h4>Sienin\u0117 &#8211; lubin\u0117 kameros kojel\u0117 metaliniu korpusu. Lengvo lydinio da\u017eytas metalas.<\/h4>\n","protected":false},"excerpt":{"rendered":"<h4>Sienin\u0117 &#8211; lubin\u0117 kameros kojel\u0117 metaliniu korpusu.<\/h4>\n","protected":false},"featured_media":738,"template":"","meta":{"_acf_changed":false},"product_brand":[],"product_cat":[45],"product_tag":[89,117,171,116,173,174,172],"class_list":{"0":"post-740","1":"product","2":"type-product","3":"status-publish","4":"has-post-thumbnail","6":"product_cat-laikikliai-stovai","7":"product_tag-kamera","8":"product_tag-koja","9":"product_tag-kojele","10":"product_tag-laikiklis","11":"product_tag-lubine","12":"product_tag-metaline","13":"product_tag-sienine","15":"first","16":"instock","17":"taxable","18":"shipping-taxable","19":"purchasable","20":"product-type-simple"},"acf":[],"_links":{"self":[{"href":"https:\/\/vmsistemos.lt\/index.php?rest_route=\/wp\/v2\/product\/740","targetHints":{"allow":["GET"]}}],"collection":[{"href":"https:\/\/vmsistemos.lt\/index.php?rest_route=\/wp\/v2\/product"}],"about":[{"href":"https:\/\/vmsistemos.lt\/index.php?rest_route=\/wp\/v2\/types\/product"}],"version-history":[{"count":0,"href":"https:\/\/vmsistemos.lt\/index.php?rest_route=\/wp\/v2\/product\/740\/revisions"}],"wp:featuredmedia":[{"embeddable":true,"href":"https:\/\/vmsistemos.lt\/index.php?rest_route=\/wp\/v2\/media\/738"}],"wp:attachment":[{"href":"https:\/\/vmsistemos.lt\/index.php?rest_route=%2Fwp%2Fv2%2Fmedia&parent=740"}],"wp:term":[{"taxonomy":"product_brand","embeddable":true,"href":"https:\/\/vmsistemos.lt\/index.php?rest_route=%2Fwp%2Fv2%2Fproduct_brand&post=740"},{"taxonomy":"product_cat","embeddable":true,"href":"https:\/\/vmsistemos.lt\/index.php?rest_route=%2Fwp%2Fv2%2Fproduct_cat&post=740"},{"taxonomy":"product_tag","embeddable":true,"href":"https:\/\/vmsistemos.lt\/index.php?rest_route=%2Fwp%2Fv2%2Fproduct_tag&post=740"}],"curies":[{"name":"wp","href":"https:\/\/api.w.org\/{rel}","templated":true}]}}