{"id":996,"date":"2019-03-12T09:09:27","date_gmt":"2019-03-12T06:09:27","guid":{"rendered":"http:\/\/192.168.10.101\/?post_type=product&#038;p=996"},"modified":"2023-06-09T14:32:27","modified_gmt":"2023-06-09T12:32:27","slug":"2-mp-cilindrine-hd-tvi-kamera-28-12mm","status":"publish","type":"product","link":"https:\/\/vmsistemos.lt\/?product=2-mp-cilindrine-hd-tvi-kamera-28-12mm","title":{"rendered":"2 MP cilindrin\u0117 HD-TVI kamera 2.8 &#8211; 12mm"},"content":{"rendered":"<ul>\n<li>Maitinimo \u012ftampa DC12V<\/li>\n<li>Varifokalinis objektyvas: f = 2.8 &#8211; 12 mm<\/li>\n<li>2 Megapikseli\u0173 HD-TVI kamera su HD 1080P realaus laiko vaizdu<\/li>\n<li>I\u0161manus IR valdymas<\/li>\n<li>0 Lux: Integruotas LED IR \u0161viestuvas, matomumas iki 40m<\/li>\n<li>Tvirtinimas ant sienos ir lub\u0173, 3-j\u0173 a\u0161i\u0173 reguliavimas<\/li>\n<\/ul>\n","protected":false},"excerpt":{"rendered":"<p>Maitinimo \u012ftampa DC12V<\/p>\n<p>Varifokalinis objektyvas: f = 2.8 &#8211; 12 mm<\/p>\n","protected":false},"featured_media":995,"template":"","meta":{"_acf_changed":false},"product_brand":[],"product_cat":[234,63],"product_tag":[232,226,103,231,89,227,228,230,233],"class_list":{"0":"post-996","1":"product","2":"type-product","3":"status-publish","4":"has-post-thumbnail","6":"product_cat-akcijos","7":"product_cat-tvi","8":"product_tag-apsaugos","9":"product_tag-grundig","10":"product_tag-ip-kamera","11":"product_tag-ir-kamera","12":"product_tag-kamera","13":"product_tag-poc","14":"product_tag-tvi","15":"product_tag-vaizdo-apsaugos","16":"product_tag-vm-sistemos","18":"first","19":"onbackorder","20":"sale","21":"taxable","22":"shipping-taxable","23":"purchasable","24":"product-type-simple"},"acf":[],"_links":{"self":[{"href":"https:\/\/vmsistemos.lt\/index.php?rest_route=\/wp\/v2\/product\/996","targetHints":{"allow":["GET"]}}],"collection":[{"href":"https:\/\/vmsistemos.lt\/index.php?rest_route=\/wp\/v2\/product"}],"about":[{"href":"https:\/\/vmsistemos.lt\/index.php?rest_route=\/wp\/v2\/types\/product"}],"version-history":[{"count":0,"href":"https:\/\/vmsistemos.lt\/index.php?rest_route=\/wp\/v2\/product\/996\/revisions"}],"wp:featuredmedia":[{"embeddable":true,"href":"https:\/\/vmsistemos.lt\/index.php?rest_route=\/wp\/v2\/media\/995"}],"wp:attachment":[{"href":"https:\/\/vmsistemos.lt\/index.php?rest_route=%2Fwp%2Fv2%2Fmedia&parent=996"}],"wp:term":[{"taxonomy":"product_brand","embeddable":true,"href":"https:\/\/vmsistemos.lt\/index.php?rest_route=%2Fwp%2Fv2%2Fproduct_brand&post=996"},{"taxonomy":"product_cat","embeddable":true,"href":"https:\/\/vmsistemos.lt\/index.php?rest_route=%2Fwp%2Fv2%2Fproduct_cat&post=996"},{"taxonomy":"product_tag","embeddable":true,"href":"https:\/\/vmsistemos.lt\/index.php?rest_route=%2Fwp%2Fv2%2Fproduct_tag&post=996"}],"curies":[{"name":"wp","href":"https:\/\/api.w.org\/{rel}","templated":true}]}}